ghest common factor of 102968 and 2401387?
61
What is the highest common divisor of 14220608 and 128?
64
Calculate the greatest common factor of 4025 and 903325.
575
Calculate the greatest common divisor of 106235498 and 9956.
4978
Calculate the highest common factor of 52204 and 10042534.
842
Calculate the highest common factor of 5305 and 20308601.
1061
What is the greatest common divisor of 5410077 and 5205?
1041
What is the greatest common divisor of 53960 and 1217292?
76
Calculate the greatest common divisor of 8080 and 2303305.
505
What is the highest common divisor of 3620253 and 62478?
3471
What is the highest common divisor of 891968 and 72149?
77
Calculate the highest common divisor of 2474310 and 62310.
2010
What is the highest common divisor of 837 and 1919619?
27
Calculate the highest common factor of 52716476 and 31420.
6284
Calculate the highest common factor of 117822149 and 5799.
1933
What is the highest common divisor of 248 and 43528433?
31
Calculate the highest common factor of 37743009 and 204.
51
Calculate the greatest common divisor of 10247220 and 900.
180
What is the greatest common factor of 509691 and 8589?
21
Calculate the highest common divisor of 356 and 459984218.
178
What is the highest common divisor of 5333850 and 10800?
1350
Calculate the highest common factor of 1651 and 2220341.
127
What is the greatest common factor of 11177809 and 46223?
2719
What is the greatest common divisor of 815 and 42996466?
163
Calculate the greatest common factor of 65610766 and 39.
13
Calculate the highest common factor of 25392 and 532174.
1058
What is the greatest common divisor of 2954 and 3990010?
422
What is the highest common divisor of 6966 and 617050?
86
What is the highest common divisor of 3997188 and 167316?
876
What is the highest common factor of 15106021 and 26264?
469
What is the highest common divisor of 5505 and 20400?
15
Calculate the highest common divisor of 95906 and 1050068.
158
Calculate the greatest common factor of 39582785 and 7844.
1961
Calculate the greatest common factor of 42777 and 233867.
97
Calculate the greatest common factor of 6112 and 3348230.
382
What is the highest common factor of 476 and 36499204?
476
Calculate the highest common factor of 240 and 5859624.
24
What is the highest common divisor of 16 and 578980720?
16
Calculate the highest common factor of 58652 and 218268.
172
Calculate the highest common divisor of 62250 and 9510.
30
Calculate the highest common factor of 11802937 and 773.
773
What is the greatest common divisor of 4623 and 319056?
69
Calculate the highest common divisor of 141 and 22469.
1
What is the highest common factor of 1127655 and 159435?
135
Calculate the greatest common factor of 6384 and 1866940.
76
Calculate the greatest common factor of 345 and 132965530.
115
What is the greatest common factor of 94988 and 46?
2
What is the highest common factor of 5092568 and 78?
26
Calculate the highest common divisor of 498568 and 167881.
203
Calculate the greatest common divisor of 50665710 and 15.
15
Calculate the greatest common factor of 38358748 and 4496.
1124
What is the highest common divisor of 8739484 and 52?
52
Calculate the greatest common factor of 182 and 16871722.
14
Calculate the highest common divisor of 3377725 and 52.
13
What is the highest common factor of 1532635 and 159885?
1615
What is the highest common factor of 930 and 623410?
310
What is the highest common factor of 1596463840 and 16?
16
Calculate the highest common factor of 443470 and 96770.
10
What is the highest common factor of 667216 and 1181840?
2992
Calculate the highest common factor of 66258 and 161514.
162
What is the greatest common divisor of 1869 and 1415367?
267
Calculate the highest common divisor of 210 and 1084271538.
42
Calculate the highest common factor of 2574 and 3212550.
198
What is the greatest common divisor of 60 and 115949508?
12
What is the greatest common divisor of 764635 and 253943?
1403
Calculate the highest common factor of 504986 and 1691.
89
Calculate the highest common divisor of 38672 and 2896.
16
Calculate the highest common divisor of 156110 and 349966.
466
What is the greatest common factor of 504 and 10245384?
72
Calculate the greatest common factor of 488 and 45038252.
244
What is the highest common divisor of 57 and 765881?
1
Calculate the highest common factor of 11047582 and 7.
7
What is the greatest common divisor of 6792 and 449088?
24
What is the highest common divisor of 239848 and 38808?
56
What is the greatest common factor of 8453 and 2367?
1
What is the greatest common factor of 36 and 25018398?
18
Calculate the highest common divisor of 11730935 and 4930.
2465
What is the highest common factor of 2115 and 354555?
45
What is the greatest common factor of 58928 and 18820?
4
Calculate the highest common divisor of 1949465 and 1635.
545
Calculate the highest common factor of 5905971 and 139.
139
Calculate the highest common divisor of 100044 and 623616.
84
Calculate the highest common factor of 164478 and 5609.
79
Calculate the highest common factor of 4968 and 63694728.
4968
Calculate the greatest common factor of 182082 and 54.
6
What is the greatest common divisor of 14421 and 18086442?
627
Calculate the greatest common factor of 2349246 and 2296835.
3083
What is the highest common divisor of 2648469 and 3?
3
What is the highest common factor of 562 and 23346604?
562
What is the greatest common factor of 100651 and 125513?
401
What is the highest common factor of 2644 and 1039708052?
2644
What is the highest common divisor of 1431840 and 8208?
912
Calculate the greatest common factor of 1792 and 6473012.
28
What is the greatest common divisor of 57875 and 153975?
25
Calculate the greatest common factor of 1202 and 63413914.
1202
What is the greatest common factor of 1466 and 1012264204?
1466
What is the greatest common factor of 10704 and 441?
3
What is the greatest common factor of 1252446 and 936?
78
What is the highest common factor of 1205181 and 153?
153
Calculate the highest common divisor of 289 and 691.
1
What is the greatest common divisor of 40023338 and 34?
34
Calculate the highest common divisor of 6076280 and 27160.
280
What is the greatest common divisor of 4519977 and 251328?
3927
What is the highest common divisor of 17606858 and 282?
94
Calculate the highest common divisor of 26496 and 14568.
24
Calculate the highest common divisor of 49350 and 929850.
150
Calculate the highest common factor of 147545937 and 198.
99
Calculate the highest common factor of 3601856 and 4672.
64
What is the greatest common factor of 107001075 and 7515?
2505
What is the highest common divisor of 200 and 150542180?
20
Calculate the highest common divisor of 64892280 and 160.
40
Calculate the greatest common divisor of 44706 and 3642.
6
What is the greatest common divisor of 74 and 549497508?
74
Calculate the greatest common factor of 1130766 and 1183.
91
Calculate the greatest common factor of 168960 and 20460.
660
Calculate the greatest common divisor of 6002851 and 455551.
1681
What is the highest common factor of 79127 and 184183?
67
What is the highest common divisor of 4144 and 6255072?
592
Calculate the highest common factor of 286517 and 12012.
77
Calculate the greatest common factor of 60185349 and 1253.
1253
What is the greatest common divisor of 56416 and 117422852?
7052
Calculate the highest common divisor of 456 and 48429138.
114
Calculate the greatest common divisor of 774 and 11410953.
129
Calculate the highest common divisor of 2074471 and 112.
7
Calculate the highest common factor of 2148455 and 465.
155
What is the highest common divisor of 996387 and 29631?
357
Calculate the greatest common factor of 411 and 255410196.
411
What is the highest common divisor of 84528 and 34928848?
9392
What is the greatest common divisor of 3492637 and 209?
19
What is the highest common factor of 2736 and 17956368?
2736
Calculate the greatest common factor of 258042064 and 112.
112
Calculate the highest common divisor of 1618360 and 830.
10
Calculate the greatest common divisor of 932025 and 22542.
867
What is the highest common factor of 62192188 and 68?
68
What is the highest common divisor of 722 and 600853815?
361
Calculate the highest comm